MONTHLY CLIMATOLOGICAL SUMMARY for Februar 2009 CITY: Mannheim-Seckenheim ELEV: 96 m LAT: 49° 28' 7" LONG: 8° 33' 26" TEMPERATURE (°C), BAROMETER (hPa), RAIN (l/m²), WIND SPEED (km/h) MEAN TEMPERATURE WIND DOM DAY TEMP HIGH TIME LOW TIME HUM Baro Rain SPEED HIGH TIME DIR -------------------------------------------------------------------------------------------------------------- 1 0.7 2.5 13:06 -0.3 08:01 66 1010.0 0.0 9.4 21.2 13:16 O-NO 2 1.7 6.1 14:11 -0.7 07:36 72 1002.2 0.0 1.6 8.9 00:46 W 3 0.5 6.7 14:41 -3.0 06:21 85 1001.3 0.0 0.5 6.2 08:41 W-SW 4 0.9 3.6 16:56 -2.3 05:01 91 1000.2 0.4 0.7 8.7 15:26 W 5 1.4 7.4 15:31 -1.5 05:56 90 999.2 0.4 1.5 11.3 15:21 W-SW 6 4.0 6.1 14:46 0.5 00:01 93 995.3 3.9 1.1 8.7 17:16 NO 7 3.3 4.3 20:26 2.0 03:41 93 991.5 7.8 1.4 15.0 23:36 W-NW 8 3.0 4.3 13:11 1.7 23:56 76 1005.1 0.0 6.8 16.3 20:51 W-SW 9 1.7 3.8 23:51 -0.8 05:01 83 1008.9 3.2 3.3 14.0 22:26 SW 10 5.9 9.3 07:40 3.9 00:01 84 995.9 5.7 19.0 44.0 18:51 W-SW 11 3.6 5.5 14:31 2.1 23:56 73 1014.1 0.7 13.3 28.1 00:16 W 12 1.6 4.2 14:51 0.0 08:46 80 1018.8 1.4 7.3 23.5 13:46 W 13 1.3 3.0 12:56 0.2 03:56 82 1021.7 0.4 3.2 15.7 15:51 W 14 0.2 3.9 15:11 -3.0 23:47 83 1025.1 3.6 3.0 13.8 20:56 NO 15 -1.7 3.0 14:51 -6.2 07:21 79 1030.6 0.0 0.8 15.3 15:16 W-SW 16 0.4 1.3 12:36 -0.8 04:01 90 1024.8 11.7 1.5 9.0 13:16 SW 17 1.8 4.1 15:26 -2.2 23:51 89 1020.7 13.9 4.2 20.8 17:26 NO 18 -2.1 3.0 14:56 -5.2 06:51 74 1029.1 0.0 2.7 13.4 15:16 NO 19 -1.5 4.3 15:36 -6.3 04:21 72 1029.5 0.0 0.9 8.3 13:41 W-SW 20 1.0 2.8 13:56 -0.4 01:56 87 1030.1 2.1 1.3 12.1 14:01 SW 21 2.8 4.7 15:31 1.5 00:36 92 1032.0 0.4 0.0 0.1 04:46 N 22 3.5 5.1 20:56 1.7 05:06 93 1025.5 9.6 4.1 16.3 10:51 W-SW 23 5.6 6.9 13:46 4.2 08:26 84 1019.9 1.8 10.1 26.1 16:11 W 24 4.6 6.3 13:26 2.5 23:56 78 1025.6 0.0 5.1 16.6 15:56 N 25 3.1 9.0 15:31 -2.1 07:46 75 1030.9 0.0 0.8 9.0 13:36 W-SW 26 5.1 7.6 14:56 1.8 00:01 81 1024.5 0.4 6.3 22.2 15:31 W-SW 27 7.0 8.6 13:31 5.6 00:41 83 1021.3 0.4 6.5 18.2 13:36 W-SW 28 8.0 11.9 16:21 4.3 22:51 86 1018.0 0.4 1.4 11.5 17:31 NO -------------------------------------------------------------------------------------------------------------- Avg: 2.4 11.9 28 -6.3 19 83 1016.1 67.9 4.2 44.0 10 W Distribution WD Values 3808 Distribution WD N-NO 4.858% Distribution WD NO 8.718% Distribution WD NO-O 8.114% Distribution WD O 3.571% Distribution WD O-SO 0.420% Distribution WD SO 0.604% Distribution WD SO-S 0.499% Distribution WD S 1.681% Distribution WD S-SW 1.970% Distribution WD SW 6.591% Distribution WD SW-W 22.584% Distribution WD W 24.842% Distribution WD W-NW 4.333% Distribution WD NW 3.729% Distribution WD NW-N 2.836% Distribution WD N 4.648% Rain days >0.0 l/m² Month 19 Rain days >2.0 l/m² Month 9 Rain days >20.0 l/m² Month 0 Ice days max < 0°C 0 Cold days min <= 0°C 14 Cool days max < 10°C 27 Summer days max >=25°C 0 Hot days max >=30°C 0 Last year same Month: Ice days max < 0°C 0 Last year same Month: Cold days min <= 0°C 16 Last year same Month: Cool days max < 10°C 12 Last year same Month: Summer days max >=25°C 0 Last year same Month: Hot days max >=30°C 0 © 1999-2020 Werner Krenn - Wetterstation Bedien- und Auswertesoftware - V2.99.8.8