MONTHLY CLIMATOLOGICAL SUMMARY for April 2001 CITY: Mannheim-Seckenheim ELEV: 94 m LAT: 49° 46' 3" LONG: 8° 55' 7" TEMPERATURE (°C), BAROMETER (hPa), RAIN (l/m²), WIND SPEED (km/h) MEAN TEMPERATURE WIND DOM DAY TEMP HIGH TIME LOW TIME HUM Baro Rain SPEED HIGH TIME DIR -------------------------------------------------------------------------------------------------------------- 1 11,1 20,5 17:33 2,7 07:08 64 1025,3 0,0 0,4 7,9 17:03 W-NW 2 13,4 22,9 17:03 5,5 07:39 65 1018,7 0,0 1,1 11,7 14:18 W-NW 3 13,2 16,7 17:08 9,0 23:53 67 1017,5 0,0 2,1 21,5 11:33 W-NW 4 10,5 18,2 13:08 6,5 02:53 81 1011,4 3,2 3,9 33,5 14:28 W-NW 5 9,2 13,9 15:44 4,5 07:28 64 1017,1 0,0 4,5 18,6 21:44 W-NW 6 11,1 15,3 16:18 7,6 03:43 76 1011,0 2,2 6,5 47,0 06:24 W-NW 7 11,5 15,3 17:58 6,7 23:28 72 1005,0 4,0 2,7 26,3 11:58 W 8 9,3 17,5 15:23 2,4 06:59 72 1013,3 0,0 3,6 25,5 16:53 W 9 8,1 10,5 15:48 4,3 06:38 81 1020,4 6,1 1,4 11,1 14:18 W 10 10,4 14,3 15:58 8,0 23:48 89 1011,8 5,8 3,2 63,7 16:38 W 11 9,6 14,0 15:23 6,3 07:08 85 1017,8 1,4 2,4 21,7 17:38 N 12 8,5 12,4 15:32 5,0 06:58 62 1025,5 0,0 7,8 21,6 13:32 N-NW 13 4,7 8,1 16:53 1,1 07:03 58 1027,1 0,0 6,3 24,8 05:03 N 14 3,8 8,5 16:12 -1,5 07:03 56 1026,6 0,0 3,7 20,1 23:53 N 15 4,3 10,8 17:03 0,8 05:32 94 1011,2 19,4 5,5 25,9 09:38 NW 16 7,5 10,7 14:58 5,3 04:38 84 1012,5 0,7 2,9 25,1 09:43 N-NW 17 7,4 10,9 14:13 5,1 07:38 77 1017,4 0,7 2,2 14,1 16:42 N-NW 18 6,1 9,0 13:23 2,4 23:58 81 1008,0 2,5 4,1 19,6 13:23 N-NW 19 5,0 10,0 16:22 0,3 02:57 72 1009,5 0,0 3,2 29,8 15:13 N-NW 20 5,1 11,4 16:53 0,3 06:53 70 1009,4 0,0 1,2 24,3 17:38 N 21 4,4 7,7 12:58 1,3 02:28 82 1007,9 2,9 5,5 18,2 12:18 NW 22 7,6 12,5 16:08 3,6 06:13 69 1007,0 0,0 2,0 16,1 10:08 N 23 9,6 16,0 14:23 0,8 06:28 62 1004,4 0,0 1,0 15,4 15:37 N 24 12,6 19,5 17:18 5,8 04:57 62 1010,8 0,0 2,3 14,5 16:48 N 25 11,7 14,0 00:42 9,8 05:08 86 1011,6 6,1 2,2 27,8 20:08 N 26 11,3 15,9 15:33 8,0 03:42 71 1018,8 1,1 6,0 21,8 17:12 N 27 10,5 16,3 16:13 6,7 02:53 84 1017,9 4,0 0,4 16,6 16:08 N 28 11,9 14,1 19:13 9,7 02:57 82 1013,5 0,4 3,9 23,1 22:23 N 29 14,5 21,0 17:03 10,1 04:52 80 1011,4 4,0 1,7 21,1 12:42 SW 30 18,1 24,0 15:57 12,0 06:32 70 1009,4 0,7 2,6 22,1 18:43 N -------------------------------------------------------------------------------------------------------------- Avg: 9,4 24,0 30 -1,5 14 74 1014,3 65,2 3,2 63,7 10 N Distribution WD Values 4394 Distribution WD N-NO 3,3% Distribution WD NO 3,4% Distribution WD NO-O 1,8% Distribution WD O 1,4% Distribution WD O-SO 0,6% Distribution WD SO 0,6% Distribution WD SO-S 0,7% Distribution WD S 1,0% Distribution WD S-SW 1,1% Distribution WD SW 2,5% Distribution WD SW-W 3,2% Distribution WD W 12,4% Distribution WD W-NW 16,7% Distribution WD NW 14,9% Distribution WD NW-N 12,8% Distribution WD N 23,4% Rain days >0,0 l/m² Month 17 Rain days >2,0 l/m² Month 11 Rain days >20,0 l/m² Month 0 Ice days max < 0°C 0 Cold days min <= 0°C 1 Cool days max < 10°C 4 Summer days max >=25°C 0 Hot days max >=30°C 0 Last year same Month: Ice days max < 0°C 0 Last year same Month: Cold days min <= 0°C 0 Last year same Month: Cool days max < 10°C 0 Last year same Month: Summer days max >=25°C 9 Last year same Month: Hot days max >=30°C 1 © 1999-2003 Werner Krenn / Mischa Thurnherr - Wetterstation Bedien- und Auswertesoftware V2.81.4a