MONTHLY CLIMATOLOGICAL SUMMARY for Februar 2001 CITY: Mannheim-Seckenheim ELEV: 94 m LAT: 49° 46' 3" LONG: 8° 55' 7" TEMPERATURE (°C), BAROMETER (hPa), RAIN (l/m²), WIND SPEED (km/h) MEAN TEMPERATURE WIND DOM DAY TEMP HIGH TIME LOW TIME HUM Baro Rain SPEED HIGH TIME DIR -------------------------------------------------------------------------------------------------------------- 1 1,0 3,0 14:39 -1,2 08:33 83 1026,4 0,0 1,3 14,0 00:53 O-NO 2 -0,2 2,8 15:09 -2,8 03:14 91 1021,1 1,4 0,4 14,5 17:04 W-SW 3 2,7 6,0 23:49 -0,3 00:04 98 1008,6 16,2 2,8 20,2 19:53 W-SW 4 7,8 10,9 16:13 5,0 09:03 90 1005,6 9,4 2,1 38,8 02:34 W-SW 5 9,6 11,3 12:39 7,8 01:19 81 1002,7 2,2 6,9 29,8 10:59 W 6 12,6 17,0 14:23 9,7 03:28 66 1007,5 0,4 3,1 41,9 15:28 W-SW 7 12,4 15,6 14:08 10,6 21:34 59 1006,3 0,0 0,6 13,5 21:49 SW 8 11,7 15,2 13:08 8,3 23:13 58 1001,9 0,0 2,3 44,9 12:38 W-SW 9 7,1 8,5 11:38 4,7 23:49 73 1014,6 0,4 2,9 21,6 01:33 W-SW 10 3,4 9,3 15:39 -0,4 07:53 76 1032,7 0,4 0,1 4,9 11:49 O 11 5,8 11,9 15:09 0,7 00:04 69 1037,1 0,0 1,0 11,5 12:14 W 12 7,7 12,0 15:03 2,9 07:08 67 1028,4 0,7 0,8 10,5 11:13 W 13 8,2 11,1 15:24 3,0 23:59 79 1027,5 12,2 4,4 18,5 12:38 NO 14 5,1 10,1 15:54 1,5 08:28 68 1032,1 0,4 2,4 23,3 09:03 SW 15 4,9 12,4 15:38 0,2 08:08 68 1031,2 0,0 0,7 6,9 15:23 SW 16 5,6 11,6 15:35 0,8 03:20 75 1028,3 0,0 1,2 12,2 23:40 NW 17 3,6 6,8 00:00 0,7 08:05 86 1032,9 11,2 3,2 15,3 15:25 NW 18 4,3 7,4 15:44 2,1 08:44 69 1038,1 0,0 3,2 16,0 17:24 N 19 4,9 7,3 14:15 3,5 00:15 69 1037,2 0,0 1,9 14,8 20:40 NW 20 5,5 7,1 15:25 4,1 00:25 64 1032,3 0,0 4,6 17,4 12:19 NW 21 5,3 7,1 15:05 1,0 08:20 70 1027,4 0,0 5,3 27,1 17:35 NW 22 6,8 8,7 14:16 4,5 08:15 65 1016,0 2,5 9,3 28,8 14:51 W-NW 23 3,6 6,5 15:26 -1,4 23:01 69 1005,6 3,2 5,1 20,3 09:22 W-NW 24 0,3 4,1 15:18 -3,0 23:58 86 1009,0 0,7 1,6 9,4 19:22 N 25 -1,9 4,4 15:14 -6,3 07:59 63 1013,3 0,7 0,8 7,8 16:34 N 26 -0,3 3,5 13:33 -3,7 00:03 72 1010,2 0,4 1,4 14,0 06:19 N 27 2,1 7,6 15:09 -3,9 06:34 53 1000,8 0,0 1,7 23,1 12:18 N 28 1,9 5,5 15:03 -0,7 05:43 61 996,3 0,0 0,2 11,0 15:48 O-SO -------------------------------------------------------------------------------------------------------------- Avg: 5,1 17,0 6 -6,3 25 72 1019,0 62,3 2,5 44,9 8 NW Distribution WD Values 3490 Distribution WD N-NO 3,4% Distribution WD NO 4,1% Distribution WD NO-O 3,3% Distribution WD O 3,2% Distribution WD O-SO 1,8% Distribution WD SO 1,9% Distribution WD SO-S 1,2% Distribution WD S 2,8% Distribution WD S-SW 2,3% Distribution WD SW 7,3% Distribution WD SW-W 12,2% Distribution WD W 11,3% Distribution WD W-NW 13,2% Distribution WD NW 15,3% Distribution WD NW-N 6,0% Distribution WD N 10,7% Rain days >0,0 l/m² Month 16 Rain days >2,0 l/m² Month 7 Rain days >20,0 l/m² Month 0 Ice days max < 0°C 0 Cold days min <= 0°C 10 Cool days max < 10°C 17 Summer days max >=25°C 0 Hot days max >=30°C 0 Last year same Month: Ice days max < 0°C 0 Last year same Month: Cold days min <= 0°C 0 Last year same Month: Cool days max < 10°C 16 Last year same Month: Summer days max >=25°C 0 Last year same Month: Hot days max >=30°C 0 © 1999-2003 Werner Krenn / Mischa Thurnherr - Wetterstation Bedien- und Auswertesoftware V2.81.4a